termine j(0).
-5
Let n(o) = -o**2 + 17*o - 45. Give n(9).
27
Let k(x) = x**2 - 7*x - 4. What is k(5)?
-14
Let x(d) = -d**2 - 31*d + 142. What is x(-35)?
2
Let y(j) = -j + 7. Give y(-13).
20
Let b(y) = y - 1. Calculate b(-8).
-9
Let n(x) = x**3 + 3*x**2 - 21*x - 12. Calculate n(-6).
6
Let p(a) = -3*a**2 + a - 2. Give p(-2).
-16
Let u(h) = -2*h**2 - 53*h - 28. Give u(-25).
47
Let f(v) = -v**2 + 7*v - 7. Determine f(7).
-7
Let n(k) = k**3 - 5*k**2 - 6*k + 10. Give n(8).
154
Let w(f) = f + 6. What is w(-13)?
-7
Let h(c) = 5*c + 7. What is h(-3)?
-8
Let u(f) = -2*f**3 - 5*f**2 - 3*f + 1. Determine u(-5).
141
Let r(o) = -4*o**2 - 2*o - 11. Calculate r(-5).
-101
Let y(k) = -k**2 - 19*k + 41. What is y(-21)?
-1
Let c(p) = p**2 - 15*p + 51. Determine c(8).
-5
Let k(g) = 8*g**2 + 3*g + 1. Calculate k(-1).
6
Let x(p) = -p**2 - 3*p - 6. Calculate x(-5).
-16
Let w(l) = -l**3 - 8*l**2 - 9*l + 9. Calculate w(-6).
-9
Let p(k) = 7*k. What is p(7)?
49
Let i(h) = h**2 - 9*h + 11. Give i(4).
-9
Let p(z) = -z**3 + 31*z**2 + 35*z - 128. Determine p(32).
-32
Let o(u) = u**3 + 3*u**2 + u - 2. Determine o(-3).
-5
Let u(m) = 9*m + 214. Determine u(-24).
-2
Let m(s) = -s**3 + 23*s**2 + 49*s + 25. Calculate m(25).
0
Let g(z) = 27*z - 4. Calculate g(-3).
-85
Let z(y) = -2*y + 10. Calculate z(-3).
16
Let b(t) = -t**2 - t + 13. Give b(0).
13
Let s(w) = -8*w + 51. Calculate s(7).
-5
Let f(v) = v**3 - 8*v**2 - 27*v - 2. Determine f(10).
-72
Let g(r) = 3*r + 6. Determine g(-3).
-3
Let l(x) = x - 21. What is l(13)?
-8
Let s(j) = j**3 + 7*j**2 + j - 14. Calculate s(-6).
16
Let v(k) = -k**2 - 9*k + 14. What is v(-11)?
-8
Let y(p) = p**3 - 6*p**2 + 6*p - 7. Give y(6).
29
Let g(m) = 4*m**3 - m + 1. Give g(1).
4
Let q(t) = -11*t - 195. What is q(-17)?
-8
Let n(a) = a**3 - a**2 + a - 27. Calculate n(0).
-27
Let g(r) = -r**2 - 41*r + 64. Give g(-43).
-22
Let x(s) = -2*s**2 + 24*s - 30. Give x(11).
-8
Let c(z) = 9*z + 1. What is c(-2)?
-17
Let g(b) = -7*b + 1. Calculate g(1).
-6
Let k(n) = 3*n**2 - 3*n - 1. Give k(-2).
17
Let k(z) = 2*z**2 + 6*z + 11. Give k(-3).
11
Let x(n) = n**2 - 4*n + 5. Give x(8).
37
Let c(g) = g**2 - 9*g - 7. Give c(10).
3
Let g(u) = u**3 - 14*u**2 + 34*u - 16. Calculate g(11).
-5
Let d(x) = -8*x - 2. Calculate d(-3).
22
Let m(l) = l + 38. What is m(-8)?
30
Let d(k) = 4*k + 29. Give d(-7).
1
Let j(m) = -m**3 - 2*m**2 + 3*m - 1. What is j(-2)?
-7
Let a(d) = -12*d + 34. Determine a(3).
-2
Let k(p) = p + 1. Determine k(-7).
-6
Let v(f) = f**3 - 5*f**2 - 5*f + 6. Give v(6).
12
Let s(l) = -17*l + 53. Calculate s(3).
2
Let y(q) = -q**2 + 97. What is y(10)?
-3
Let f(d) = -48*d - 253. Determine f(-6).
35
Let s(z) = -z**3 + 6*z**2 - 4*z - 2. Calculate s(4).
14
Let a(o) = -o**2 - 32*o - 146. Determine a(-26).
10
Let d(x) = -x**3 + 13*x**2 - 8*x - 29. What is d(12)?
19
Let x(f) = -3*f + 68. Give x(22).
2
Let m(o) = -2*o**2 + 9*o - 4. Calculate m(7).
-39
Let l(c) = c**3 - 30*c**2 - 36*c + 156. Calculate l(31).
1
Let u(g) = -4*g**2 - 54*g - 79. Give u(-12).
-7
Let z(n) = 2*n**2 - 2. Calculate z(2).
6
Let o(b) = b**2 + 3*b - 4. Give o(-6).
14
Let t(y) = y**3 - 7*y**2 - y - 4. Give t(5).
-59
Let j(i) = -i**2 - 9*i - 9. Calculate j(-6).
9
Let x(a) = -2*a - 9. Calculate x(-4).
-1
Let w(s) = -s**2 + 32*s + 369. Calculate w(41).
0
Let f(z) = -44*z**2 - 3*z + 2. Give f(1).
-45
Let v(m) = 51*m**3 - m**2 - 7*m - 6. Calculate v(-1).
-51
Let r(o) = o**3 - 12*o**2 - o. Calculate r(11).
-132
Let j(x) = -x**3 - 10*x**2 - 9*x - 13. Calculate j(-10).
77
Let o(s) = -5*s + 69. Give o(14).
-1
Let g(q) = q + 9. Calculate g(-9).
0
Let k(q) = 3*q**2 - q - 16. Give k(-3).
14
Let q(z) = -z**2 + 18*z + 13. Calculate q(18).
13
Let l(v) = -2*v - 46. What is l(5)?
-56
Let c(b) = -3*b**2 + 5*b. Determine c(-6).
-138
Let d(l) = l**2 - 46*l + 420. Calculate d(34).
12
Let l(a) = 3*a**3 + 2*a + 1. Calculate l(-1).
-4
Let k(c) = 5*c + 92. Determine k(-20).
-8
Let a(r) = 2*r**2 - 13*r + 9. Determine a(8).
33
Let o(d) = -d**2 - 11*d - 16. Determine o(-8).
8
Let a(z) = z**2 + z. Calculate a(-1).
0
Let d(p) = -15*p - 77. Determine d(-7).
28
Let h(a) = a**3 + 6*a**2 - a - 9. Give h(-4).
27
Let y(v) = -v**2 - 9*v + 56. Give y(4).
4
Let c(k) = 2*k + 9. Calculate c(13).
35
Let t(b) = -b**2 - 9*b - 5. What is t(-8)?
3
Let y(p) = -p**3 + 27*p**2 - 29*p - 7. Give y(26).
-85
Let f(g) = 4*g + 34. Calculate f(-10).
-6
Let z(h) = h + 13. Give z(-7).
6
Let r(g) = -g**3 - 8*g**2 + 9*g + 5. What is r(-9)?
5
Let n(x) = -18*x**3 + 3*x**2 - 2*x. Determine n(1).
-17
Let p(q) = -q**2 - 5*q - 8. Determine p(-5).
-8
Let j(o) = 8*o - 139. Give j(20).
21
Let u(q) = -q**3 + 10*q**2 - 13*q - 19. Determine u(8).
5
Let y(n) = -4*n + 14. Give y(6).
-10
Let t(a) = a**3 + 18*a**2 + 17*a + 26. Calculate t(-17).
26
Let b(x) = -5*x**3 - x**2 + 6*x + 14. Determine b(-2).
38
Let m(s) = -5*s**2 + 17*s - 5. What is m(5)?
-45
Let h(g) = -40*g - 1237. Calculate h(-31).
3
Let b(g) = g**2 + 93*g - 1615. Calculate b(15).
5
Let a(o) = o**3 + 4*o**2 - 7*o + 11. What is a(-6)?
-19
Let y(s) = s + 12. What is y(-6)?
6
Let l(v) = v**3 - 19*v**2 + 17*v + 25. What is l(18)?
7
Let q(s) = -s**2 + 2*s + 7. What is q(4)?
-1
Let h(v) = -v - 3. Determine h(3).
-6
Let k(w) = 4*w**2 + 5*w - 2. What is k(-5)?
73
Let r(h) = -11*h - 245. Calculate r(-22).
-3
Let v(o) = -4*o - 65. Calculate v(-19).
11
Let m(r) = 22*r + 21. What is m(-1)?
-1
Let s(t) = -t**3 - 13*t**2 - 3*t + 5. Calculate s(-12).
-103
Let z(u) = -5*u - 6. Calculate z(-4).
14
Let n(u) = 16*u + 388. Calculate n(-25).
-12
Let q(d) = d**3 - 9*d**2 - 10*d + 10. Give q(10).
10
Let j(n) = -2*n - 3. Calculate j(-4).
5
Let w(u) = -11*u + 140. Calculate w(11).
19
Let h(z) = z**3 + 5*z**2 - 4*z + 16. Give h(-6).
4
Let c(n) = 7*n - 44. Calculate c(10).
26
Let z(b) = -b - 16. What is z(-16)?
0
Let m(f) = 2*f - 27. What is m(11)?
-5
Let g(q) = -q**3 + 35*q**2 - 68*q + 46. Calculate g(33).
-20
Let g(r) = 62*r**2 - r. Calculate g(-1).
63
Let s(y) = -8*y**3 - 102*y**2 + 25*y - 10. Calculate s(-13).
3
Let c(q) = 79*q - 786. Determine c(10).
4
Let a(b) = -2*b**2 + b. Determine a(5).
-45
Let l(h) = 2*h**2 + 6*h - 11. Give l(-6).
25
Let k(r) = -7*r + 191. Determine k(36).
-61
Let j(l) = -22*l + 1. What is j(1)?
-21
Let k(o) = o**3 + 8*o**2 + 12*o - 3. Give k(-6).
-3
Let f(w) = w - 6. Give f(-15).
-21
Let m(k) = -19*k - 4. Give m(-3).
53
Let g(q) = -q**3 + q**2 - 6*q + 5. Determine g(2).
-11
Let z(a) = -a + 16. What is z(11)?
5
Let s(b) = -b + 7. Determine s(2).
5
Let p(z) = 12*z - 3. Calculate p(-3).
-39
Let l(b) = 30*b + 43. Determine l(-2).
-17
Let w(m) = 9*m + 28. Give w(-7).
-35
Let c(w) = -12*w + 129. Calculate c(10).
9
Let w(p) = -12*p - 98. Determine w(-9).
10
Let f(k) = k**3 + 21*k**2 - 23*k - 20. Determine f(-22).
2
Let a(l) = l - 3. Give a(16).
13
Let b(r) = r**2 - 8*r - 10. What is b(6)?
-22
Let v(l) = l**3 + 10*l**2 - 4*l - 42. Calculate v(-10).
-2
Let m(p) = -p**2 + 2*p - 4. Give m(3).
-7
Let l(t) = 4*t - 51. What is l(14)?
5
Let v(n) = -2*n**2 + 8*n - 6. Calculate v(3).
0
Let t(d) = -5*d**2 + 108*d - 64. Determine t(21).
-1
Let m(f) = -f**2 + 25*f + 4. Calculate m(25).
4
Let x(t) = t - 6. Give x(8).
2
Let n(k) = k**2 + 17*k - 99. What is n(-21)?
-15
Let m(o) = -21*o + 372. Calculate m(15).
57
Let s(u) = -u**2 + u + 13. Determine s(0).
13
Let g(i) = 4*i + 11. Give g(-9).
-25
Let c(v) = -v**3 + 3*v**2 + 7*v + 10. What is c(-2)?
16
Let g(o) = 12*o - 8. Calculate g(1).
4
Let h(b) = 4*b**3 + 2*b**2 - 3*b + 4. What is h(1)?
7
Let w(j) = 11*j. Calculate w(1).
11
Let r(u) = -u**2 - 8*u + 5. What is r(-9)?
-4
Let x(z) = -z**2 - 17*z - 18. Give x(-14).
24
Let f(o) = o**2 + 144*o + 425. Give f(-3).
2
Let b(g) = g**2 + 3*g - 1. Give b(-4).
3
Let h(d) = -d**2 + 26*d - 127. What is h(7)?
6
Let l(q) = q**3 + 24*q**2 + 26*q + 80. Give l(-23).
11
Let c(u) = 2*u**2 - 89*u + 608. Determine c(36).
-4
Let n(z) = -z**3 + 4*z**2 + 23*z - 6. Determine n(7).
8
Let l(u) = u**2 - 5*u + 12. Give l(6).
18
Let h(u) = -u**2 + 11*u + 2. Give h(8).
26
Let t(f) = f**3 - 8*f**2 + 6*f + 28. What is t(6)?
-8
Let m(z) = 6*z + 80. Give m(-14).
-4
Let f(x) = -x**3 + 16*x**2 + 20*x - 59. Give f(17).
-8
Let y(r) = r**3 - 8*r**2 - 8*r + 5. What is y(8)?
-59
Let h(t) = -7*t - 9. Determine h(-8).
47
Let f(z) = z**3 - 5*z**2 - 2*z + 13. What is f(4)?
-11